{"id":186,"date":"2025-09-21T09:00:50","date_gmt":"2025-09-21T06:00:50","guid":{"rendered":"https:\/\/coninor.com\/?page_id=186"},"modified":"2025-10-13T11:39:15","modified_gmt":"2025-10-13T08:39:15","slug":"kokemus-ja-nakemys","status":"publish","type":"page","link":"https:\/\/coninor.com\/?page_id=186","title":{"rendered":"Kokemus ja Koulutus"},"content":{"rendered":"\n<p><strong>Se mist\u00e4 ammennan on tietysti ty\u00f6kokemukseni ja koulutukseni.<\/strong> Pitk\u00e4n ty\u00f6urani aikana ja j\u00e4lkeen olen kouluttautunut sek\u00e4 konsultiksi ett\u00e4 Executive Coachiksi.<\/p>\n\n\n\n<p><strong>Kokemus<\/strong>:<\/p>\n\n\n\n<div class=\"wp-block-media-text has-media-on-the-right is-stacked-on-mobile is-vertically-aligned-top\" style=\"grid-template-columns:auto 27%\"><div class=\"wp-block-media-text__content\">\n<p>Olen hankkinut keskeisen ty\u00f6kokemukseni p\u00f6rssilistatussa Pk-yrityksess\u00e4. Yritys harjoitti koneenrakennusliiketoimintaa siihen liittyvine palveluineen globaaleilla markkinoilla. Kokemukseni ja n\u00e4kemykseni ovat t\u00e4ydentyneet, kun olen toiminut konsulttina sek\u00e4 johtajana ett\u00e4 osakkaana startup-yrityksess\u00e4. Olen oppinut, ett\u00e4 yksil\u00f6n haasteet ovat samankaltaisia yrityksest\u00e4 ja bisneksest\u00e4 riippumatta.<br>On siis mahdollista ja jopa todenn\u00e4k\u00f6ist\u00e4, ett\u00e4 olen kohdannut ja ratkaissut kaikkea sellaista, joka on sinulla juuri nyt ty\u00f6n alla tai kohta pian edess\u00e4.<\/p>\n\n\n\n<p><\/p>\n<\/div><figure class=\"wp-block-media-text__media\"><img loading=\"lazy\" decoding=\"async\" width=\"175\" height=\"219\" src=\"https:\/\/coninor.com\/wp-content\/uploads\/2015\/03\/MG_0840.jpg\" alt=\"\" class=\"wp-image-91 size-full\"\/><\/figure><\/div>\n\n\n\n<p>Olen johtanut ja toteuttanut k\u00e4yt\u00e4nn\u00f6ss\u00e4 kaikkea, mit\u00e4 jatkuvaa kasvua tavoitteleva investointituote- ja siihen liittyvi\u00e4 palveluja tarjoava yritys, joka toimii kansainv\u00e4lisill\u00e4 tai globaaleilla markkinoilla, kohtaa ja joutuu tekem\u00e4\u00e4n.<\/p>\n\n\n\n<p>Olen johtanut 563 henkil\u00f6n organisaatiota, joka myi tuotteitaan ja palveli asiakkaitaan globaalisti, toimi omin resurssein 15 maassa, edustajaverkostolla 53 maassa ja valmisti tuotteensa nelj\u00e4ss\u00e4 eri maassa itse tai ulkoistettuna.<\/p>\n\n\n\n<p>Olen johtanut:<br>\u2022 tai ollut hiomassa yritysten strategioita sek\u00e4 johtanut strategian toteutusta.<br>\u2022 kansainv\u00e4list\u00e4 myynti- ja markkinointiverkoston laajentamista<br>\u2022 orgaanista kasvua<br>\u2022 sopeuttanut organisaatioita, olen irtisanonut ja palkannut,<br>\u2022 kasvattanut organisaatioita, rekrytoinut ja uudistanut johtoryhmi\u00e4ni<br>\u2022 ostanut yrityksi\u00e4 ja liiketoimintoja, integroinut niit\u00e4 yhteen,<br>\u2022 perustanut tyt\u00e4ryhti\u00f6it\u00e4 jne.<\/p>\n\n\n\n<p>Ajatusmallini on, ett\u00e4 tulokset tulevat tekem\u00e4ll\u00e4. Uskon tavoitteilla johtamiseen ja ihmisten valtuuttamiseen toimimaan tavoitteiden saavuttamiseksi.<\/p>\n\n\n\n<p><strong>Koulutus<\/strong>:<\/p>\n\n\n\n<p>\u2022 Business and Executive Coaching, Academy of Executive Coaching, Yhdistynyt kuningaskunta, Lontoo, 2010<br>\u2022 Consulting in Organisations (2008-2009), European Partnership for Organisation Consultants, 2008-2009.<br>\u2022 Helsingin Kauppakorkeakoulun\/JOKO Executive Education, JOKO 65-koulutusohjelma 2002\u20132003.<br>\u2022 Boardmanin Hyv\u00e4 hallinta ja hallitusty\u00f6skentely \u2013 valmennusohjelma, Boardman Oy, 2009.<br>\u2022 Vientimarkkinoijakoulutus VMK2, (Diploma in International Marketing Management), Finnish Institute for International trade (FINTRA), 1989\u20131991.<br>\u2022 Diplomi-insin\u00f6\u00f6ri, Konetekniikan osasto, Tampereen Teknillinen Korkeakoulu (TTKK), 1975\u20131980.<\/p>\n\n\n\n<p>Haluatko tiet\u00e4\u00e4 lis\u00e4\u00e4?<br>Ota yhteytt\u00e4 ja laita viesti\u00e4 osoitteeseen: S\u00e4hk\u00f6postitse: <a href=\"mailto:topi.karppanen@coninor.com\">topi.karppanen@coninor.com<\/a>.<\/p>\n\n\n\n<p><\/p>\n\n\n\n<p><\/p>\n","protected":false},"excerpt":{"rendered":"<p>Se mist\u00e4 ammennan on tietysti ty\u00f6kokemukseni ja koulutukseni. Pitk\u00e4n ty\u00f6urani aikana ja j\u00e4lkeen olen kouluttautunut sek\u00e4 konsultiksi ett\u00e4 Executive Coachiksi. Kokemus: Olen hankkinut keskeisen ty\u00f6kokemukseni p\u00f6rssilistatussa Pk-yrityksess\u00e4. Yritys harjoitti koneenrakennusliiketoimintaa siihen liittyvine palveluineen globaaleilla markkinoilla. Kokemukseni ja n\u00e4kemykseni ovat t\u00e4ydentyneet, <a class=\"more-link\" href=\"https:\/\/coninor.com\/?page_id=186\">Continue reading <span class=\"screen-reader-text\">  Kokemus ja Koulutus<\/span><span class=\"meta-nav\">&rarr;<\/span><\/a><\/p>\n","protected":false},"author":87,"featured_media":0,"parent":0,"menu_order":0,"comment_status":"closed","ping_status":"closed","template":"page-onecolumn.php","meta":{"footnotes":""},"class_list":["post-186","page","type-page","status-publish","hentry"],"jetpack_sharing_enabled":true,"_links":{"self":[{"href":"https:\/\/coninor.com\/index.php?rest_route=\/wp\/v2\/pages\/186","targetHints":{"allow":["GET"]}}],"collection":[{"href":"https:\/\/coninor.com\/index.php?rest_route=\/wp\/v2\/pages"}],"about":[{"href":"https:\/\/coninor.com\/index.php?rest_route=\/wp\/v2\/types\/page"}],"author":[{"embeddable":true,"href":"https:\/\/coninor.com\/index.php?rest_route=\/wp\/v2\/users\/87"}],"replies":[{"embeddable":true,"href":"https:\/\/coninor.com\/index.php?rest_route=%2Fwp%2Fv2%2Fcomments&post=186"}],"version-history":[{"count":18,"href":"https:\/\/coninor.com\/index.php?rest_route=\/wp\/v2\/pages\/186\/revisions"}],"predecessor-version":[{"id":277,"href":"https:\/\/coninor.com\/index.php?rest_route=\/wp\/v2\/pages\/186\/revisions\/277"}],"wp:attachment":[{"href":"https:\/\/coninor.com\/index.php?rest_route=%2Fwp%2Fv2%2Fmedia&parent=186"}],"curies":[{"name":"wp","href":"https:\/\/api.w.org\/{rel}","templated":true}]}}